 - 0 - 6 - (-31 + 115 - -8)).
-94
23 + (-30 - (-5 - 18) - (0 - 3))
19
Evaluate -6742 + 6735 - (74 + 1 + -2).
-80
Calculate (-1 - -4) + -115 - (-41 + 28 + 26) - 4.
-129
(-8 - -34) + (817 - 958)
-115
Calculate (-3470 - -3473) + 2 + 5.
10
What is the value of (-1 - -2) + -12 - (796 + -755)?
-52
-429 + 389 + -2 + -12
-54
Calculate 7 + -1 + -13 - -7 - (23 - (14 + -71)).
-80
Calculate (-99 - -53 - -66 - (0 - -47)) + -6 + 0.
-33
Evaluate (9 - ((-3 - 5) + 7)) + (-7 - (1 - 8)).
10
What is 5 + (-9 + 10 - 8) - 23?
-25
What is -13 + 8 - (-9 - -16 - 11) - (-42 + -3)?
44
What is -53 + 62 + 1 + -11 + -5?
-6
What is the value of 6 + (15 - ((8 - -25 - 40) + (1 - 1)))?
28
Calculate (-36 - 16) + -5 + 28 + 6 + 24.
1
Evaluate (113 - -101 - 190) + (-66 - 1).
-43
What is -1 - (9 + -99 + (7 - (18 + -4) - -10))?
86
What is the value of 107 - 29 - -27 - 55?
50
Calculate -9 - -9 - (-3 + 1) - (8 - (-23 - -55)).
26
What is -27 - (16 - 3) - (-9 - 0 - -1) - 0?
-32
What is the value of (-21 - (8 - 36)) + -1 - -13?
19
Evaluate -6 + -12 + (-8 - -12) + -12 + (4 - -16).
-6
-40 - (23 + -38 + 8 + -13)
-20
What is the value of -47 + -5 + 19 + 5 - (2 - -9)?
-39
(0 - -1) + 2 + (8 + -9 - -3 - 72)
-67
What is the value of 28 - 14 - -14 - 32?
-4
What is -3 + 8 + -10 - -8 - (10 + -18 + 11)?
0
What is -378 + 195 + 188 + 2 + -5?
2
What is the value of 2 - 11 - -23 - (34 - 41)?
21
What is (-1 - -10 - (28 + 28 + -55)) + -52?
-44
What is the value of 9 + -28 + 34 - (-12 + 9 - 24)?
42
What is the value of -561 + 547 - (-9 - 2 - 1)?
-2
Calculate -33 + (16 + 1 - (-2 + -27 - -35)).
-22
What is 46 - (109 - 128 - (-3 - 11))?
51
Evaluate -98 - (-6 + 4 - ((5 - 13) + 9 + -7)).
-102
What is the value of 53 - (-81 + -25 + 86)?
73
What is 0 + 30 + -140 + (200 - 223)?
-133
What is -6 + (-35 - -33) + 27?
19
What is 1 + 47 + (41 - 25 - -26)?
90
What is the value of 29 + 23 + (51 - 39)?
64
(2 - (41 - 29) - (68 + -3)) + 9 + 0
-66
(48 - (4 - 6) - 6) + -33 + 23 + 7
41
Evaluate 13 - 43 - -68 - (-1 - 2).
41
(-2 - 2) + -2 + (-85 + 180 - 55)
34
Calculate (-51 - -52) + (1 + -13 - -6) + -56 + 0.
-61
Evaluate -14 - (10 - (1219 - 1223 - (-24 + 1 - -1))).
-6
Calculate 87 + (-36 - 142 - 5).
-96
What is (2 - -26) + 14 + 60 + -66?
36
What is the value of 14653 + -14720 - (2 + -185)?
116
What is (6 - (0 - -30)) + 37?
13
What is the value of 111 + (-315 - -207) - (0 - -16)?
-13
-272 - -215 - (35 - -27)
-119
Evaluate (4 - ((17 - 77) + -24)) + -27.
61
Calculate (1 + -2 - -38) + -47 + (7 + -17 - -54).
34
What is the value of 4 + -12 + (8 - (0 + 2) - (18 - 1))?
-19
34 - ((27 - 56) + 14) - (3 - 1)
47
-27 + (0 + 4 + (-4 - 5) - 0)
-32
What is the value of 4 + (7 - 1) + (-92 - -5) + 1?
-76
(-1043 - -1095) + -14 + 2
40
1 + -7 + -3 - (2 - 0) - (1161 + -1122)
-50
25 - (38 - 42 - -21 - (0 - 7))
1
What is the value of -34 + (34 - -13) - (11 + -2)?
4
What is the value of 7 + -7 + (-49 - (0 + 3) - (-34 - -32))?
-50
-14 - 3 - (-7 - 3) - 15 - -61
39
Calculate 6 + 8 + -96 + 12 + 3 + 6.
-61
What is the value of 24 + (-16 + 7 - 8) - (-6 - (0 - -3))?
16
Calculate 95 - 53 - 91 - -60.
11
Evaluate 11 + -11 + (-10 + 11 + -1 - 5).
-5
(6 - 1) + 409 + -400 + -33
-19
Calculate -7 + 2 - (973 + -957).
-21
11 - (-32 + (15 - 15 - -18))
25
What is the value of (-55 - ((-20 - -3) + (12 - 1))) + (3 - 2)?
-48
Evaluate -99 - (-82 - (7 + -18)).
-28
What is -3 + -6 + 9 - -22?
22
Calculate (4 - (15 + -16 + -2)) + -10.
-3
What is the value of 5 + 6 + 16 + (-141 - -142)?
28
-59 - (8 + 64 + -64 - (2 + (3 - -1)))
-61
Calculate 693 + -614 + 21 + -128.
-28
What is -1 + (-5 - -9) + -15 + -2?
-14
(-168 - -156) + (27 - -1) + -48
-32
0 + 6 + -2 + 0 + 0 + (1 - -57)
62
Calculate -13 - 28 - (-11 - 18) - (3 + -1 + -23).
9
What is the value of (1 - 3) + (-6 - -1) + 253 + 94 + -340?
0
What is (-5 + 11 + -16 - 3) + 41 + -7?
21
What is the value of 22 + (-2 - 0) + -2 + 9973 + -10087?
-96
Calculate -66 + (10 - -27) + 2.
-27
What is the value of -14 - (-84 - 7 - -9 - (1 + -9))?
60
What is 115 - (23 + 24 + -21 + 14)?
75
What is -54 - ((-23 - -34 - (17 + 0)) + -2)?
-46
Calculate 15 - -5 - (-263 + 308).
-25
What is the value of 0 + 12 - (12 - 14 - 14 - (-21 + 5))?
12
-21 + (95 - 64) + -14
-4
What is 25 + (9 - (60 + -12)) + 4?
-10
Evaluate 14 + -28 - -8 - (2 - -16).
-24
-6 - (2 + 3 + (17 - -37) + -4)
-61
Evaluate 5 - (-50 - -46) - 109.
-100
Evaluate (-140 - -27 - -183) + -143.
-73
What is 143 + (-179 - (12 - 132))?
84
Evaluate 14 + -126 + (-2 - -54).
-60
(1 - 9 - 0 - (-3 + 6 + 32)) + -7
-50
Calculate -35 + (-48 - -7) - -46.
-30
What is the value of (-12 - -9) + -14 + 11 - -30 - -5?
29
What is -4999 + 5016 - (-1 + 15)?
3
Calculate (-3 - 46) + -32 + 29 + -3.
-55
Evaluate 6 - ((4 - -3) + (15 - (47 - 18) - -111)).
-98
Calculate (4 - 13 - (-11 - -4)) + (71 - 87).
-18
Evaluate 54 + (-15 - 12) - 7 - (-79 - -10).
89
Calculate -7 - -3 - -5 - (24 - (7 - -24)).
8
What is (22 - (-24 - -63)) + -3 + (-93 - 3)?
-116
Evaluate 32 + (62 - 51) - 17.
26
(-10 - (21 + -16 + 3 + -18)) + 17
17
What is the value of (-4 - -4) + (-81 - -72)?
-9
What is 120 + 25 + -59 + -167?
-81
What is -69 + (83 - 67) + 92?
39
What is 133 + -127 - (-6 - (0 - 2)) - (-2 - 7)?
19
What is the value of -2 + (-1 - -5) + (13 + 2 - (-350 - -384))?
-17
3 - (-48 - (3 - (15 + (11 - 23) - -3)))
48
1 + -28 + 39 + -44 - (-7 - -7)
-32
Evaluate 10 - (-58 + 7 + 47) - (87 + -1).
-72
What is the value of 1 + (4 - 23) + (1 - -5) - (15 + -26)?
-1
Evaluate -14 + 32 + (-18 + 2 - -64).
66
What is the value of 4 + 90 + -8 - (-9 - (-2 + -11) - -7)?
75
What is the value of (4 - (-11 - (12 - 35))) + (38 - 5) - 2?
23
Evaluate 19 + (-22 - -8) + -15 - (-8 + 1 + 1).
-4
What is 6 - (41 + (-38 - -22) + 35)?
-54
Evaluate -77 - (-8 - (9 + -18 - (-3 + -6) - 15)).
-84
Evaluate (-99 - -59) + 102 - 120.
-58
Evaluate (34 + -34 - (5 - (-2 - -30 - 7))) + -2.
14
What is the value of -40 + (48 - 25) + -38?
-55
Calculate -37 - (75 + -16 + -12).
-84
-28 + 20 - ((-25 - 65 - -19) + 0 + 0)
63
Calculate 9 - ((-2 - 28 - -10) + 2).
27
(-2612 - -2631) + (-2 - (-2 - -22))
-3
What is the value of (3 + 0 - 12) + -20 + -4?
-33
What is the value of 77 + -8 + 1 - (11 - (12 + (8 - 9)))?
70
What is (9 - -1 - 2) + 69 - 35?
42
Calculate -141 + 142 - (1 + 1 - -5) - 13.
-19
Calculate -2 + 22 - (-563 + 519) - 42.
22
Calculate ((4 - 12) + (7 + 8 - 1) - 0) + 63.
69
94 + (45 - 3 - 57 - -36)
115
Calculate -114 - (-70 - 26) - (0 - 52).
34
Evaluate -14 + (18 - 19 - -21) - -9.
15
Evaluate -109 + (241 - 125) + 85.
92
14 + (6 - -7) + -12 + (25 - 18)
22
What is (-1 - (12 + 3 + -3 + -151 + 141)) + 59?
56
What is -262 + 303 + (-3 - 41)?
-3
What is (63 + -38 - 18) + 30?
37
What is 50 + (-183 - -41 - -52)?
-40
Evaluate 133 - (203 + -183 + (8 - 1)).
106
107 + -47 + (-136 - -156)
80
(324 + -366 - (-2 + -96)) + -32
24
Evaluate 36 + (-70 - -29) - (1 + 4 + (1 - 4)).
-7
What is the value of -151 - 1 - (-25 + (9 - -12) + -5 + -3)?
-140
-11 - 60 - (24 + -65)
-30
What is -2 + (-32 - (11 + -15) - (-28 + 14))?
-16
Evaluate -751 - -650 - (1 + 7 + -16 + -13).
-80
What is the value of (14 - 27) + 88 + -110?
-35
What is the value of (-73 - (-1 - 0)) + (32 - (0 - -14 - -18))?
-72
((-3 - -6 - -2) + 11 - 3) + -2
11
Calculate -25 - (-107 - -40 - -41).
1
What is (-98 + 26 + 9 - 8) + (4 - (3 - 6))?
-64
Evaluate 9 + (17 - (7 - 5)) + -4 + -47.
-27
Evaluate 32 + (68 + -137 - -81).
44
Evaluate 28 + (9 - (2 - -13)).
22
Evaluate 81 - (-36 + 146 + -94).
65
What is -111 + 3 + 33 + -31 + 8 + (0 - 8)?
-106
-192 + 213 + (58 + -2 - 0 - -1)
78
Evaluate -31 + 0 + ((-19 - -20) + 11 - -1).
-18
What is the value of -39 + 41 + (29 - 0) + -7 + 17?
41
-472 + 572 + 0 + -18 - (2 + 7)
73
Calculate (-26 - -3) + (-88 - -43) + 72.
4
What is 33 + (35 - 15) + (-10 - 3)?
40
What is the value of (-98 - -63) + 142 + -183?
-76
What is (24 - 78) + -12 + 8 - (-8 - (-2 - 1))?
-53
(-38 - (15 - (4 + 34))) + 35
20
Evaluate -27 + (-10 - 0 - (-11 - -9)).
-35
Calculate 5 + (63 - 24) - ((-1 - 0) + -3).
48
-61 + -19 + (-30 - (-80 - -20))
-50
Calculate -20 + 2 + 6 + 9 - -5.
2
-43 + (55 - (-86 + 44))
54
Evaluate (-826 - -812) + (0 + 1 - (-2 + -67)).
56
Evaluate 65 - (-13 + 5 + 1 + 220 + -208).
60
What is the value of -12499 - -12471 - (2 - (0 - 11))?
-41
-1 - 13 - (10 - (-14 + 7 - -12 - 2))
-21
Calculate (9 - -2) + 102 + -82 + -94.
-63
-77 + (75 - 24) - ((-2 - 1) + 0 + 